?
5, 173
Suppose -q = -6, 76*w + 4*q + 32552 = 80*w. What are the prime factors of w?
2, 509
Suppose -3*y + 5*v + 284 = -y, 2*y + 4*v - 320 = 0. Suppose 4*w - 4*i - 28 = 0, -4*w + 42 = 3*i - 0*i. Suppose -y = -w*q + 7*q. List the prime factors of q.
2, 19
Suppose 2*m + 4*g = 66, 19*m - 23*m + 108 = 2*g. Suppose -175 = m*a - 26*a. List the prime factors of a.
5, 7
Suppose -3*f + 3*r = -0*f - 105, -3*f - 5*r = -145. Suppose -5*z + f = 15. Suppose -2*a - z*n = -3*n - 24, 5*n = -2*a + 9. List the prime factors of a.
17
Let w be (-3 - -4)*-1*74. Let f = 79 + w. Let k(j) = 2*j**2 + 14*j - 22. List the prime factors of k(f).
2, 7
Suppose -2*s - 3*s = 15, -s = 5*f - 2787. Let m = f + -332. Let i = 329 - m. List the prime factors of i.
103
Suppose -2*k + 1 + 5 = 2*o, 0 = -3*o + 4*k + 23. Suppose -2*f = -8, 4*t - f + 755 = o*t. What are the prime factors of t?
751
What are the prime factors of ((-4546)/(-1))/(26 + -36 + 12)?
2273
Let w be (-12)/6*(-61)/2. Suppose -22*s + 62 + 4 = 0. Suppose -s*z - 7 = -w. List the prime factors of z.
2, 3
Suppose 6 = 2*a + 3*i - 6, 4*a - 22 = -5*i. Suppose 6*p + 4*b - 15 = p, -b = 5*p - 15. List the prime factors of a*(43/p + 0).
43
Let h(v) = 72*v**3 + 20*v - 12. List the prime factors of h(7).
2, 29, 107
Let v = 52975 + -12474. What are the prime factors of v?
101, 401
Let p(a) = 774*a - 1899. List the prime factors of p(11).
3, 5, 7
Suppose 0 = -0*i + i + 3, -i = -2*w + 11. Suppose -2*p - 5*q + 766 = 0, -w*q - 1977 = -5*p - q. What are the prime factors of p?
3, 131
Let s be 897/117*(0 + 9). Suppose -300 = -s*r + 67*r. What are the prime factors of r?
2, 3, 5
Suppose -26712 - 12383 = -5*i - h, 5*i + 3*h - 39095 = 0. List the prime factors of i.
7, 1117
Let r = 10106 - 3050. Suppose -12*c + 15*c - r = 0. Suppose 6*o + 8*o - c = 0. List the prime factors of o.
2, 3, 7
Let v be (-1*(-20)/8)/(5/12). Suppose a - v*u = -2*u + 18, 2 = -a - u. Suppose 5*b = 3*z + 2*b - 210, 0 = -5*z - a*b + 329. List the prime factors of z.
67
Let o(u) = -u**3 + 57*u**2 - 301*u + 71. What are the prime factors of o(41)?
2, 71, 103
What are the prime factors of (-518)/(-8547) - 417644/(-66)?
2, 7, 113
Let k be 5 - 3/(-2)*-510. Let j = k - -1158. List the prime factors of j.
2, 199
Let o = 1269 - 848. Let q = o + -272. What are the prime factors of q?
149
Let s(x) = -22*x**3 - 193*x**3 - 74*x**3 - 1 + 3*x**2 + 0*x**2. Suppose 4*j + 0 = -4. List the prime factors of s(j).
3, 97
Let p = -4 + 8. Suppose 0 - 42 = -7*s. Suppose v = 3*w - s*w + 404, -p*w + 524 = 5*v. List the prime factors of w.
2, 17
Suppose 0 = 8*q + 2*q. Suppose 2*j + 4*p - 95 - 37 = 0, j - p - 75 = q. What are the prime factors of (-2)/(-9) - (-7328)/j?
2, 3, 17
Suppose -5*c + 6*c = 0. Suppose -6*n + 2982 = -n - 4*i, c = 2*n + 4*i - 1204. Suppose -5*j = -n + 198. List the prime factors of j.
2, 5
Suppose 5*u - n = -6*n - 30, -3*u = -4*n - 17. Let m be (-5 - -16) + 5/u. List the prime factors of (1/m)/(7/4578).
109
Suppose 7*k - 6*k = -v + 5, 3*k - 18 = 0. Suppose 0 = o - 2*o + 13. What are the prime factors of (71 - o) + (v - -1*2)?
59
Suppose -173*c + 246*c - 573123 = 0. List the prime factors of c.
3, 2617
Let a be (-950)/(-4)*(110/50 - 1). Let r = a - -53. List the prime factors of r.
2, 13
Let a(x) = 13*x - 2. Let z be a(4). Suppose 0 = 27*t - 24 - 111. Suppose t*i + z = 810. List the prime factors of i.
2, 19
Let g be ((-207)/12)/(-4 + 95/24). Let k = g - 205. What are the prime factors of k?
11, 19
Let u = -63 + 64. Let t be (-17 - -2)*((-8)/6 + u). Suppose -5*x + t*m + 425 = -0*x, 173 = 2*x - m. List the prime factors of x.
2, 11
Suppose i + 63*t - 9066 = 67*t, 5*i - 45438 = 2*t. What are the prime factors of i?
2, 3, 5, 101
What are the prime factors of (-72317)/3*(-660)/1540?
10331
Let s be ((-20)/14)/5 - (-7456)/28. Suppose -21*u = -2*u - s. What are the prime factors of u?
2, 7
Let x be ((-12)/(-30) - 6162/(-20))*2. Suppose -727 = -3*z + x. Suppose 2*t - 136 = h + 73, -z = -4*t - 4*h. List the prime factors of t.
107
Suppose -4*b - 6226 = -5*m + 8*m, -3*b - 4682 = -4*m. Let g = b - -2420. What are the prime factors of g?
2, 431
Let z(g) = -795*g - 5714. List the prime factors of z(-60).
2, 7, 2999
Let q(o) be the second derivative of 153*o**4/4 + 13*o**3/6 - 29*o**2/2 + 104*o - 2. What are the prime factors of q(2)?
3, 13, 47
Let v(l) = -3*l**2 + 35*l - 6. Let b be v(8). Suppose b*a - 7880 = 72*a. What are the prime factors of a?
2, 197
Suppose 2*b - 3*t - 698 = 0, 5*b + 280 = -t + 2042. What are the prime factors of b/20*(-3 + 205/10)?
2, 7, 11
List the prime factors of (-10)/4 + 2 - 2236000/(-64).
7, 23, 31
Suppose -43682 = -11*l - 4*i + 31354, -l = 5*i - 6789. What are the prime factors of l?
2, 853
Let p be (6/24)/((-4)/16). What are the prime factors of ((11487/p)/7)/(-1)?
3, 547
Let j be 1 + (-3 - -8) + -4. List the prime factors of 6/j + 11 + 164.
2, 89
Let g(d) = d**2 + 2*d + 4. Let l = 34 + -37. Let z be g(l). Suppose z*s + 54 = 390. What are the prime factors of s?
2, 3
Let m(a) = 41*a + 0*a**2 + 2 + 0*a**2 - 13*a - a**2. What are the prime factors of m(26)?
2, 3
What are the prime factors of (((-70)/(-8) + -8)/1)/((-2)/(-48680))?
3, 5, 1217
Let v = -278 - -284. Suppose -4*n = y + n - 230, v = -3*n. List the prime factors of y.
2, 3, 5
Suppose 9 + 11 = 5*w + 5*z, z = 3*w + 4. Suppose -8*l + 0*l + 2112 = w. What are the prime factors of l?
2, 3, 11
Let h(o) = -1817*o + 15. Let l be h(-3). Suppose 0 = 13*d - 19*d + l. What are the prime factors of d?
911
Suppose -12 + 42 = 3*u. Suppose 0 = u*p - p - 3519. Suppose -8*a = -p - 1441. What are the prime factors of a?
229
Suppose -5*r - 3*x + 33745 = 0, 163*x = -2*r + 160*x + 13489. List the prime factors of r.
2, 211
Let o = 12905 + -7071. List the prime factors of o.
2, 2917
Let s(y) = -79*y + 2. Let w(l) be the first derivative of -l**4/4 + 6*l**3 - 19*l**2/2 + 32*l - 14. Let c be w(17). List the prime factors of s(c).
2, 5
List the prime factors of ((-546)/455)/((-6616)/(-3310) - 2).
3, 331
Suppose -1648 = -i - l, 2342 = 2*i + 3*l - 955. What are the prime factors of i?
3, 61
Suppose 64 = 2*x - 26. Suppose b - 2*n = 2*n - 36, -4*n - 204 = 5*b. Let d = x + b. What are the prime factors of d?
5
Let x(j) = j**3 + 29*j**2 - 95*j + 35. Let g be x(-32). Suppose n = 3*n - 4, 4*i + g*n = 3446. List the prime factors of i.
2, 5, 43
Suppose -567*m + 569*m - 9084 = -3*r, -3*r = -2*m - 9060. List the prime factors of r.
2, 3, 7
Let j be ((-1)/10 + 18/(-45))*-96. List the prime factors of (6/j*-4)/(1/(-1808)).
2, 113
Let q(r) = 12*r**2 - 13*r - 21. Let o(d) = 12 + 14*d - 13*d**2 - 5 + 15. Let t(h) = 5*o(h) + 6*q(h). What are the prime factors of t(-4)?
2
Suppose w + w = -3*j - 4, 0 = -5*j - w - 2. Suppose 10*i - 12*i + 426 = j. Let z = -143 + i. List the prime factors of z.
2, 5, 7
Let h(u) = -84*u + 3. Let w be h(-1). Suppose 48*o = 49*o - w. What are the prime factors of o?
3, 29
Let s = 16612 - 5743. List the prime factors of s.
3, 3623
Let j(x) = -2*x**3 - 101*x**2 + 19*x + 103. List the prime factors of j(-51).
5, 347
Suppose 23*v - 91*v + 2064597 = -11*v. List the prime factors of v.
29, 1249
Suppose -17*h + 18*h - 7 = 0. Suppose -8*l + 1613 = 5*y - h*l, 3*y = 5*l + 951. List the prime factors of y.
2, 7, 23
Suppose -5*x + 2462 + 1106 = -2*o, 5*o = -20. Let b = x + -388. Let z = -86 + b. What are the prime factors of z?
2, 7, 17
Suppose 5*q - 10 = -4*y, -3*y = -q - q + 4. Suppose -2*t - 3 + 7 = y. Suppose 0 = -f - 3*f - t*b + 278, 3*b = -4*f + 279. List the prime factors of f.
3, 23
Suppose -3*y - 81 = -2*l, 4*l - 132 - 39 = -3*y. Let k = -40 + l. Suppose -2*r + 166 = -3*h, 0 = -3*r - k*h + 3*h + 242. What are the prime factors of r?
2, 5
Suppose 4*c + 380622 = 5*n + 119747, -3*c = n - 52175. List the prime factors of n.
5, 2087
Let g = 918 - 508. Let w = -221 + g. Let j = w - 82. List the prime factors of j.
107
Suppose -3*n - q + 0*q - 33 = 0, -3*n + q = 39. Let h be (4/2 - n/4)*2. Let f(x) = -x**2 + 12*x + 28. List the prime factors of f(h).
2, 3
Suppose x - 3*x + 10680 = 6*x. List the prime factors of x.
3, 5, 89
Let h be 28/(-70) + 10704/(-15). Let y = 761 + h. What are the prime factors of y?
47
Let g(j) = 2*j + 50. Let t be g(-21). Suppose -549 = 5*f - t*f. Let b = 307 - f. What are the prime factors of b?